. Is (-1077)/(-13) + 2/n a composite number?
False
Let w = 8320 + -4489. Is w a composite number?
True
Let y(w) = w**3 + 21*w**2 - w - 16. Let o be y(-21). Suppose o*z = -7*s + 4*s + 7801, -5*z - 4*s = -7803. Is z a prime number?
True
Suppose 4*y - 4336 = -4*i, -4*i = 3*y - 3849 - 482. Let a = i + -744. Is a a prime number?
False
Let o = 48 - 47. Suppose -u = o, -2*n - 4*u + 57 = -117. Is n a prime number?
True
Suppose 4*o - 29 = 3. Suppose -5*a + o = -a. Suppose -a*v = -4*z - 0*z - 250, 3*v - 4*z = 373. Is v a composite number?
True
Suppose -3*v - 57229 - 104445 = -2*y, -2*v + 8 = 0. Is y a prime number?
False
Suppose -3*a + 2*a = 5*m - 35, 0 = 2*a - 4*m. Suppose 6*t + 1276 = a*t. Is t a composite number?
True
Let y = 1524 + 688. Suppose 9*r - y = 5*r. Is r a composite number?
True
Is 53/(465/(-235) + 2) a composite number?
True
Let n(r) = -9*r + 3*r**3 + 6*r - 5 + 0*r**3 + 3*r**2. Let q be ((-2)/(-6))/((-4)/(-48)). Is n(q) prime?
True
Let c(n) = -n**3 - 14*n**2 - 14*n - 9. Let w be c(-13). Let b be 18/(w + -3*2). Is ((-191)/3)/(b/27) composite?
False
Let b be 1931/(3*3/(-9)). Is 4/(-8)*2*b a prime number?
True
Let b = 37 - 36. Is 233/(-3 + 4/b) a composite number?
False
Let c(g) = 17*g**2 + 168*g - 1. Is c(26) prime?
True
Suppose -30*d + 28*d = -4*w - 6, -9 = -4*d + 5*w. Suppose -3 = -5*s + 7. Is -254*(s/(-4))/d a prime number?
True
Let s = -5379 - -19552. Is s a prime number?
True
Suppose 4828869 = 52*c + 170657. Is c composite?
True
Suppose 250 = 14*c - 184. Is c a prime number?
True
Let w(t) = t**3 + 5*t**2 - 19. Let m(i) = -i**3 - 4*i**2 + 19. Let d(g) = -4*m(g) - 3*w(g). Is d(8) prime?
True
Let z(j) = 149*j**2 - 2*j + 7. Let s be z(-3). Suppose -5*b = 5*a - 4530, -3*a + 4080 = -5*b + s. Is a composite?
False
Let r(x) = -x**3 - 15*x**2 - 15*x - 11. Let p be r(-14). Let u be (-3)/(p/4) - -1099. Suppose 216 - u = -3*h. Is h prime?
True
Let b = 2534 + -127. Is b a composite number?
True
Let f = 20 - 12. Suppose 0*v = 4*v + f. Is 1712/20 - v/5 prime?
False
Let b = -1831 - -4025. Is b composite?
True
Suppose 5*w = 1 + 14. Suppose 13 = -w*x + 5*x + 5*r, 0 = 3*x - 3*r - 72. Suppose -23*l + x*l = -2716. Is l composite?
True
Suppose 0 = -0*j - 4*j + 3*o - 12, j - 4*o + 16 = 0. Is 1734 + 1/(1 - j) prime?
False
Suppose -806 - 46 = -4*f. Let o = -234 - -352. Let z = f + o. Is z a composite number?
False
Let j be (-8)/(-6) + 446342/(-78). Let q = j + 8290. Is q prime?
False
Suppose 0 = 5*w - 2*j - 2353, 0 = w - 5*j - 0*j - 489. Suppose -4934 - w = -3*b. Is b a composite number?
False
Let n = 270 - -254. Let c = n + -369. Is c composite?
True
Let a(b) = b**3 + 7*b**2 + 3*b - 8. Let n be a(-6). Suppose 5*j = 3*j + n. Suppose -j*d - 3*f = -0*d - 2186, -f = 3. Is d a composite number?
False
Let a = -962 + 1535. Suppose -a + 1972 = x. Is x composite?
False
Suppose 37*q - 290059 = 26*q. Is q prime?
False
Suppose -1156 = -t + 2030. Is (-1)/((-10)/t) + 8/20 a composite number?
True
Let c = 737 + -518. Suppose 126 = 3*u - c. Is u a prime number?
False
Let p be (-176)/(-10) - (-12)/(-20). Suppose 412 = p*y - 13*y. Is y prime?
True
Suppose 0 = -g + 5*p + 356, -p + 0*p + 2 = 0. Let i = 236 - g. Let s = -77 - i. Is s a prime number?
True
Suppose 2*k - 46 - 21 = -3*a, -5*a - 101 = -4*k. Let z be (5 + k)/(1/14). Let b = z + 9. Is b prime?
False
Suppose 28*w - 30*w + 506 = 0. Is w prime?
False
Let b = 14 + -17. Let o be -3 + 126 - (b + 6). Let r = o - 41. Is r prime?
True
Suppose 289991 = 4*l - 2*r + 3*r, r = -l + 72500. Is l a prime number?
True
Let l be 2163/30*4 + 8/(-20). Suppose -l = -2*n - 10. Is n a prime number?
True
Suppose 3*y - y - 2795 = -5*h, -y - 5*h + 1410 = 0. Is y a composite number?
True
Let p be (1 + (-14)/4)*(-8)/4. Let u(v) = -v**3 - 4*v**2 + 4*v - 2. Let g be u(-5). Suppose 0 = -p*m - g*m + 472. Is m prime?
True
Let h = 14259 + -10072. Is h a composite number?
True
Let l = -21 + 21. Suppose l = -17*w + 14*w + 417. Is w a composite number?
False
Let l(y) = 5*y**2 + y + 2. Let o be l(2). Let p(g) = -268*g + 4 - o*g - 5. Is p(-1) a prime number?
False
Suppose 5*q = 5*s - 3973 + 143, -2*s + 1547 = 3*q. Is s composite?
False
Suppose 0 = -3*x + 4423 + 12614. Suppose 7*r - 10*r + x = 0. Is r a composite number?
True
Let s be 4/14 - (-8)/(-28). Let z be s/1 + 3 + -3. Suppose h = -z*h + 187. Is h prime?
False
Let m(p) = 3*p**3 + 2*p**2 + 3*p + 1. Let o be m(-2). Let d(g) = g**2 - 21*g + 7. Is d(o) composite?
True
Suppose 4*d = -2*c + 4206, -3*d + 4*c = -2280 - 847. Let k = d - 508. Is k composite?
False
Suppose -3*g = -7*g + 20. Suppose 3*m - 4*d - 1039 = 0, -g*m + 2*d = -2*d - 1745. Is m prime?
True
Is -4 - (-3)/(-6)*-1930 composite?
True
Suppose 5*y = -4*y + 1323. Suppose -y = 5*w - 2492. Is w composite?
True
Let h = -13 + 15. Suppose -2*q + 8 = h*q. Suppose -3*o + 2506 = q*l, 2*l + 828 = 4*o + 3334. Is l composite?
True
Let k be (11/3)/((-3)/(-9)). Suppose h - k = 2*q, -3*h = -2*h + q - 8. Let o(j) = 3*j**2 - 10*j - 10. Is o(h) a prime number?
False
Is (0 - (-2875 - (-3 + 4))) + 2 prime?
False
Let n = -8 + 7. Let x be -3 - n - 37*-10. Suppose 4*d = 5*w + x, 0 = 2*d - 3*w + 26 - 212. Is d prime?
False
Let b = -54 + 222. Let f = b + 241. Is f composite?
False
Let c(m) = 36*m**2 - 11*m - 103. Is c(-6) composite?
False
Suppose -4*h + 5*i = 4*i - 87763, -3*h + 3*i = -65820. Is h a prime number?
False
Suppose -5*z - 8*z = -50167. Is z a prime number?
False
Let w be (-7 + 6)*(0 + 1 + -1). Suppose 1722 + 6893 = 4*h - q, w = 2*q + 6. Is h a composite number?
False
Let a(o) = -o**2 + 3*o - 36. Let z be a(19). Let x = z + 611. Is x a prime number?
True
Suppose 28*z = 4*z + 141720. Is z a composite number?
True
Let x(l) = -4*l + 23. Let m be x(6). Is 2/m - (-182 - 7) a composite number?
True
Let r = 33 - 30. Suppose a = 4*i + 5*a - 632, r*i = 5*a + 482. Is i a composite number?
True
Suppose -2*h = -h - 15. Suppose 0 = 4*y + y - h. Suppose -5*l + 757 = 5*p - 353, y*l + 202 = p. Is p prime?
False
Suppose 17*l - 21 = 14*l. Suppose -4*r + 5*q + 12 = l*q, -2*q = -5*r + 15. Suppose 52 = 2*m + 5*z, 4*m - 2*z - 131 = -r. Is m composite?
False
Suppose 4*s = 0, -s + 150 = 5*h + 3*s. Is h - (0 - (-4 + 8)) a prime number?
False
Suppose -56408 = -3*m - 10727. Is m a composite number?
False
Let l(f) = -32*f + 228 + 6*f - 229. Let v = -2 - 1. Is l(v) composite?
True
Suppose 0 = 5*b - 0*b + 15. Let u(a) = -15*a**3 + 5*a**2 + 4*a. Let x be u(b). Suppose 0 = -0*p + 3*p - x. Is p a composite number?
True
Is -2 + -2 - (-2831 + (-70)/7) a prime number?
True
Is ((-42)/(-7) + 1393)/1 a prime number?
True
Suppose 0 = -5*i - 803 - 1452. Let n = 699 + i. Let p = -133 + n. Is p composite?
True
Let k = -902 + 3361. Is k composite?
False
Let m = -25 + 29. Suppose m*y - 6 = 6*y. Let j(q) = -13*q**3 - 3*q**2 + 3*q + 2. Is j(y) a prime number?
True
Let j(r) = 314*r + 215. Is j(6) a prime number?
True
Suppose -w = -2*g + 4457, -14*g - 3*w = -12*g - 4461. Is g prime?
False
Let f be (1 - 0) + (7 - -1). Let l(u) = 8*u - 7. Let w(p) = 24*p - 22. Let b(a) = 7*l(a) - 2*w(a). Is b(f) composite?
False
Suppose 0 = 2*m + x + x - 10, -3*m + 2*x = 0. Suppose 12 = -2*k + 2*g + 4, -m*k - 4 = -g. Suppose k = 4*a - 2*a - 692. Is a composite?
True
Suppose 1069 = v - 5*k, -2*v + 10*k + 2138 = 12*k. Is v prime?
True
Let s(n) = 6*n**2 + 4*n**2 + 14*n - 6*n**2 + 13. Suppose 4*w = 11*w + 63. Is s(w) composite?
False
Let c be ((-30)/(-4))/(1/42) - -2. Let j = c + 248. Is j a composite number?
True
Let a(j) = 4*j + 18. Let f be a(-4). Suppose 554 + 24 = f*u. Is u composite?
True
Let s(r) = 3*r**2 - 37*r + 16. Let p be s(12). Suppose 0*f - p*m - 15004 = -4*f, 5*m - 11285 = -3*f. Is f composite?
True
Is ((-25)/25 + (-10)/(-8))*42508 a composite number?
False
Suppose -234 - 228 = -2*g. Suppose 0 = -5*y + 4766 - g. Is y a composite number?
False
Let s(v) = -4*v**3 + 16*v**2 + 7*v + 38. Let h(r) = r**3 - r**2 - r - 1. Let w(n) = 5*h(n) + s(n). Is w(-9) a prime number?
False
Is 4 + (-7564 - -13)/(1 + -2) composite?
True
Let q(a) = 495*a**2 + 100*a + 387. Is q(-4) a prime number?
True
Suppose j = 409 + 267. Suppose -2592 = -4*c + g, -4*c - 5*g + 1892 = -j. Is c prime?
True
Let v(m) = -22*m - 9. Let a(p) = -22*p - 9. Let o(s) = 6*a(s) - 7*v(s). Suppose -6*b + 3*b + 33 = 0. Is o(b) a prime number?
True
Suppose -17*u + 338